*s, s - 12 = -g. Suppose 5*p - g = -a, -5*p - 4*a + 11 = -5*a. Is 1259/2*p/(-1 - -2) a composite number?
False
Let u(d) = d**3 - 113*d**2 + 337*d + 329. Is u(130) a prime number?
False
Suppose 0 = -2*r + 3*j - 85222 + 465386, 2*j + 12 = 0. Is r composite?
True
Let n(z) be the first derivative of -3*z**5/20 + z**4/4 - z**3/2 + 2*z**2 - 8*z + 4. Let p(o) be the first derivative of n(o). Is p(-5) composite?
True
Suppose 0*s - 142 = -3*q - 4*s, -5*q = 2*s - 218. Let g = q + -41. Is (g/2)/(26/23348) a composite number?
False
Suppose -25*k + 23323318 + 4064592 = -3*k. Is k a prime number?
False
Suppose -2*b + 4 + 8 = 0. Is ((-6)/b - -3) + 551 a composite number?
True
Let y(c) = -c**2. Let q(r) = -927*r**2 - 26*r + 107. Let t(a) = -q(a) - y(a). Is t(6) prime?
True
Suppose -74954 - 35209 = -b - 4*j, 5*b - 550723 = 3*j. Suppose 27*w - b = 503806. Is w composite?
False
Suppose -3*x + 42 + 24 = 0. Let r(s) be the first derivative of 11*s**2 - 5*s + 2. Is r(x) prime?
True
Suppose 564894 = 2*r + 2*s, 10*r - 2*s - 282441 = 9*r. Is r a prime number?
False
Let k = 306 + -296. Suppose 2*h - 6158 = -5*g, 15*h = k*h + 4*g + 15461. Is h composite?
False
Let h be -195*(-1 - (-2 - 10/(-6))). Let b = h - 259. Let y = -50 - b. Is y a prime number?
True
Suppose -513415 = -9*n + 334754. Is n a composite number?
True
Let w(x) = -x**3 - 10*x**2 - 2*x - 3. Let y be w(-10). Suppose 23 = 3*g + y. Suppose 2*u = 5*r - 5305, 3*u = g*u. Is r composite?
False
Suppose -5*a - f + 51320 + 103738 = 0, 5*f + 31048 = a. Is a composite?
False
Suppose -3*j + 238926 = 5*h, -j = 926*h - 928*h - 79642. Is j prime?
False
Let g(f) = -28*f - 194. Let x be g(-7). Suppose x*j + 12*j = 18466. Is j composite?
False
Suppose 2*v + 1096 = -4*n + 2*n, -2736 = 5*v + 4*n. Let j(o) = o**3 - 8*o**2 - 4*o - 6. Let s be j(-5). Let d = s - v. Is d composite?
False
Is 92813 - 220 - (-32)/2 composite?
True
Let x(r) = 29*r**2 + 28*r**2 + 4*r - 60*r**2 - r**3. Let b be x(-3). Let v(s) = -34*s + 5. Is v(b) a prime number?
False
Let d = -1458320 - -2301867. Is d prime?
False
Let b(w) = w**3 + 6*w**2 + 7*w + 4. Let u(f) = -f**2 - 14*f + 10. Let p be u(-15). Let q be b(p). Let l(r) = 8*r**2 + 7*r + 11. Is l(q) composite?
False
Suppose 2*w + 4 = 2*y, 4*y - 11 = -5*w - 3. Suppose -c - q + 99 = 0, -3*c - 2*q = y*c - 492. Let a = 429 + c. Is a a prime number?
False
Suppose -29*n - 19470 = -39*n. Is ((-34)/3)/((-22)/n) prime?
False
Suppose 26*l = 7*l + 95. Let r(n) = 56*n**3 + 3*n**2 + 3*n + 12. Let s be r(l). Suppose -s = -f - f. Is f composite?
True
Let r = -5155 - -24816. Is r composite?
False
Let j = -2157 - -28220. Is j a prime number?
False
Suppose 6*s - 199*g = -200*g + 595235, -2*g + 99204 = s. Is s a prime number?
False
Let c = -244 + 258. Suppose c*r = 24*r - 5410. Is r prime?
True
Let g(k) = 3*k**2 - 6*k + 8. Let i be g(2). Suppose -i*s = -3*s - 15. Suppose -s*m - 334 + 1033 = 0. Is m a composite number?
False
Let h = 47 - 42. Suppose -10 = -5*l + w, l - 40 = -4*l - h*w. Is (-2)/l + (-505)/(-15) a prime number?
False
Let g(b) = b**3 + 11*b**2 - 2*b - 7. Let s be g(-11). Let h be 16/96 + 26/(-12) - -4. Let j = s - h. Is j prime?
True
Suppose -318740 = -f - 3*r + 199469, 5*f - 5*r = 2591205. Is f prime?
True
Suppose x = j + 355705, -32*x - 1067139 = -35*x - j. Is x a composite number?
True
Let a(f) = 11*f**3 + 31*f**2 - 27*f - 87. Is a(14) prime?
False
Let r(t) = -40*t + 1. Let l(h) = -h**3 + 12*h**2 - 3*h - 4. Let x(w) = -2*w**3 + 25*w**2 - 7*w - 8. Let q(g) = 7*l(g) - 3*x(g). Let p be q(9). Is r(p) prime?
False
Suppose 5599888 = 37*u - 1193997 - 217948. Is u prime?
True
Suppose -159007 = -2*y - 0*y - v, 2*v + 318026 = 4*y. Is y a composite number?
True
Suppose 5*n - 15 = 0, 5*m - 5*n = 1507 + 53. Is m/(-300)*-4555 + (-2)/(-8) prime?
True
Let u(k) = 307*k + 207. Let x(t) = 154*t + 104. Let i(n) = 3*u(n) - 5*x(n). Is i(6) a prime number?
False
Suppose -7*u + 11*u + 170611 = v, 0 = 4*v - u - 682504. Is v a prime number?
True
Suppose 8*t = 7*t + 1093. Suppose -t + 298 = -5*k. Is k composite?
True
Let x be (2/(-4))/((-13)/120822). Let t be (6/(-4))/((-1)/2). Suppose 3*p - 2781 = -t*n, -5*n + x = -p - 0*p. Is n a prime number?
True
Let q = -2 - 13. Let a(z) = -62*z + 70. Let c(g) = -31*g + 32. Let o(p) = -2*a(p) + 5*c(p). Is o(q) a prime number?
False
Is (-43354905)/(-100) + (-44)/880 prime?
True
Let v(t) = t**2 - 33*t + 64. Let z be v(2). Suppose 3*w = -o + 938, -267 = 5*w - z*o - 1812. Is w composite?
False
Suppose -130*x = -137*x - 119. Let f(l) = l**3 + 26*l**2 + 4*l + 46. Is f(x) composite?
False
Suppose 3*g + 26 = 38. Suppose 10011 = 3*j - g*i - 7166, -4*j + 4*i = -22908. Is j a prime number?
False
Is 4/14 + 8/(336/15907782) a composite number?
False
Let f be 8774/(-5) - (-2)/(-10). Let c = 10394 - f. Is c composite?
False
Suppose -30*l + 26052 + 138078 = 0. Is l a composite number?
False
Suppose -i + m - 19598 = 0, 3*m = -2*i + 4*m - 39195. Let b = i - -28952. Is b composite?
True
Suppose -158*g + 6910292 = -7998575 + 3125069. Is g composite?
True
Let d(k) = 1875*k**2 + 58*k - 61. Is d(-6) prime?
False
Let l(c) = 4*c**3 - 4*c**2 + 12*c + 5. Let w be l(-5). Let a = 2628 + w. Is a prime?
True
Is ((-3118725)/27 + -7)*((-100)/8 - -2) a prime number?
False
Suppose -16*a + 14924 = -3*a. Suppose -2*d + a = -21822. Is d prime?
False
Let g(z) = -z**2 + 8*z + 10. Let k be g(8). Let x(t) = t**2 - 13*t + 35. Let l be x(k). Suppose l*f = 11214 - 1979. Is f prime?
True
Suppose -2575861 + 2926312 = 172*h - 18426273. Is h composite?
True
Let w be (2/(-4))/((-12)/11064). Suppose 0 = 5*l + 3*p - 2228, 0 = -l + 5*p + 7 + w. Suppose -5*x = -6 - 9, 2*q - l = -2*x. Is q composite?
True
Let r = 244 - 160. Suppose 0*m + m - 2 = 0. Suppose m*v + 6 = r. Is v prime?
False
Suppose 56*i + 18 = 50*i. Let p(r) = 1028*r**2 + 12*r + 19. Is p(i) prime?
False
Suppose -150*p = -443*p + 120229327. Is p a prime number?
True
Let i(c) = 47*c**2 - 107*c + 1253. Is i(-60) a prime number?
False
Let w = 262 + -221. Suppose -47958 = w*p - 43*p. Is p prime?
False
Suppose 3*r + 2 = l, 0 = -4*l - 5*r - 5 + 13. Suppose -l*u + 10*u - 94184 = 0. Is u a prime number?
False
Let k(o) = 11*o**3 - 4*o**2 + 14*o - 8. Let g be k(6). Suppose -4*h = -0*h - t - g, 3*t = 0. Suppose 0 = -5*f - 2*a + h, -4*a - 225 = -2*f + a. Is f prime?
False
Suppose 163*o - 18104344 = 45*o - 1145030. Is o a composite number?
True
Suppose j = 4*o + 8, 3*j + 5*o + 14 = 4. Suppose -3*a - 15 = j, -5*a = 4*c - 12569 - 2554. Is c composite?
True
Let v(m) = -2*m + 2. Let y be ((-4)/4 - 1) + 1. Let x be v(y). Suppose -3*c + 522 = x*q - 626, 3*q = 5*c + 861. Is q a prime number?
False
Let w(n) = -3502*n + 5127. Is w(-101) a composite number?
False
Suppose -n + 409 - 397 = 0. Is (-1 - 1113)*2/n*-57 prime?
False
Let q(r) = 6*r - 19. Let f be q(4). Suppose -41*u = -43*u + f*w + 3941, 0 = -u - 5*w + 1978. Is u a composite number?
False
Let r(q) = 3*q + 43. Let x be r(-18). Let v be 22/121 + (-29346)/x. Suppose o = -3*o + v. Is o composite?
True
Suppose -5*f - 6426*l + 6421*l + 2904400 = 0, 0 = 3*f + 4*l - 1742631. Is f a composite number?
False
Suppose -4*f = i - 115, -3*i + 33 + 12 = 2*f. Let h be 0 + (-2)/(-12) - (-2155)/f. Suppose 0 = -j - 2*y + 155 + h, 2*y + 10 = 0. Is j composite?
True
Is ((-1020)/(-264) - 28/77)*1475596/14 composite?
False
Let b = 36 + -48. Let y(c) = -c**3 - 12*c**2. Let o be y(b). Is 1174*(o + (-1)/(-2)) a composite number?
False
Is 3/((-3)/(-245377)) - 2/(-1)*3 prime?
True
Let c(u) = 37*u**2 - 13*u - 19. Let i = -50 + 41. Let w(s) = -9*s**2 + 3*s + 5. Let z(n) = i*w(n) - 2*c(n). Is z(-4) prime?
True
Let b = 5652 + 3727. Is b a composite number?
True
Let m = -28140 - -397931. Is m composite?
False
Let q = 6169 + 507. Suppose -12697 = -m + q. Is m prime?
True
Let v = -25187 - -39808. Is v a composite number?
False
Let v(t) = -t**3 + 13*t**2 + 31*t + 5. Let j be v(15). Let f be (36/j)/(18/120). Is (1508/f)/((-2)/(-6)) composite?
True
Let a(y) = -y**2 - 29*y - 32. Let u be a(-29). Is 7803/5 - u/80 a prime number?
False
Let o = 1471817 - 285480. Is o prime?
True
Suppose x - 2*r - 25 = 7, -5*r - 119 = -4*x. Let h(y) = -y**2 + 76*y + 61. Is h(x) a composite number?
False
Let q(h) = -28*h - 49. Let t be (1*55/15)/(1/(-3)). Is q(t) composite?
True
Let i be (-4064)/(-20)*(-85)